{"id":8142,"date":"2023-11-22T17:22:27","date_gmt":"2023-11-22T16:22:27","guid":{"rendered":"https:\/\/www.waefler-hufbeschlag.ch\/?post_type=product&#038;p=8142"},"modified":"2025-08-15T19:19:57","modified_gmt":"2025-08-15T17:19:57","slug":"schraubstollen-zu-schneeferdern-standard","status":"publish","type":"product","link":"https:\/\/www.waefler-hufbeschlag.ch\/?product=schraubstollen-zu-schneeferdern-standard","title":{"rendered":"Schraubstollen zu Schneefedern Standard"},"content":{"rendered":"<p>Eine Flachschraube, die den &#8222;Gripp&#8220; sicher am Eisen befestigt und mit 8 mm H\u00f6he . Der Gewindegang wurde verl\u00e4ngert um noch besseren Halt zu garantieren.<br \/>\nDie breite Auflagefl\u00e4che sorgt f\u00fcr optimalen Halt an grossen und Dicken Hufeisen.<br \/>\nUm den Pferden auch auf Asphalt oder Eis einen sicheren Halt zu bieten, haben wir diesen Stollen zus\u00e4tzlich mit einem Vidia-Stift versehen.<br \/>\nUm die Haltbarkeit braucht man sich ebenfalls keine Sorgen zu machen: Das Material wurde extra geh\u00e4rtet um den Anspr\u00fcchen zu gen\u00fcgen.<\/p>\n<p>Kopfbreite 17.0 mm<br \/>\nKopfh\u00f6he 8.0 mm<br \/>\nGewindel\u00e4nge 12.0 mm<br \/>\nZapfengr\u00f6sse M 10<br \/>\nSchl\u00fcsselweite 17mm<\/p>\n","protected":false},"excerpt":{"rendered":"<p>Schraubstollen zu Schneefedern Standard<\/p>\n<p>M10 Stollengewinde, 12mm Gewindl\u00e4nge, mit Hartmetallstift<\/p>\n<p>&nbsp;<\/p>\n<p>&nbsp;<\/p>\n","protected":false},"featured_media":8739,"template":"","meta":[],"product_brand":[],"product_cat":[235,43],"product_tag":[110],"class_list":{"0":"post-8142","1":"product","2":"type-product","3":"status-publish","4":"has-post-thumbnail","6":"product_cat-schraubstollen","7":"product_cat-winterausruestung-fuer-den-pferdehuf","8":"product_tag-ponystollen","9":"product_shipping_class-0-1-1-0-kg","11":"first","12":"instock","13":"taxable","14":"shipping-taxable","15":"purchasable","16":"product-type-simple"},"_links":{"self":[{"href":"https:\/\/www.waefler-hufbeschlag.ch\/index.php?rest_route=\/wp\/v2\/product\/8142","targetHints":{"allow":["GET"]}}],"collection":[{"href":"https:\/\/www.waefler-hufbeschlag.ch\/index.php?rest_route=\/wp\/v2\/product"}],"about":[{"href":"https:\/\/www.waefler-hufbeschlag.ch\/index.php?rest_route=\/wp\/v2\/types\/product"}],"wp:featuredmedia":[{"embeddable":true,"href":"https:\/\/www.waefler-hufbeschlag.ch\/index.php?rest_route=\/wp\/v2\/media\/8739"}],"wp:attachment":[{"href":"https:\/\/www.waefler-hufbeschlag.ch\/index.php?rest_route=%2Fwp%2Fv2%2Fmedia&parent=8142"}],"wp:term":[{"taxonomy":"product_brand","embeddable":true,"href":"https:\/\/www.waefler-hufbeschlag.ch\/index.php?rest_route=%2Fwp%2Fv2%2Fproduct_brand&post=8142"},{"taxonomy":"product_cat","embeddable":true,"href":"https:\/\/www.waefler-hufbeschlag.ch\/index.php?rest_route=%2Fwp%2Fv2%2Fproduct_cat&post=8142"},{"taxonomy":"product_tag","embeddable":true,"href":"https:\/\/www.waefler-hufbeschlag.ch\/index.php?rest_route=%2Fwp%2Fv2%2Fproduct_tag&post=8142"}],"curies":[{"name":"wp","href":"https:\/\/api.w.org\/{rel}","templated":true}]}}