{"id":9298,"date":"2025-08-14T08:02:39","date_gmt":"2025-08-14T06:02:39","guid":{"rendered":"https:\/\/www.waefler-hufbeschlag.ch\/?page_id=9298"},"modified":"2025-08-16T13:53:50","modified_gmt":"2025-08-16T11:53:50","slug":"stollen-und-zubehoer","status":"publish","type":"page","link":"https:\/\/www.waefler-hufbeschlag.ch\/?page_id=9298","title":{"rendered":"Stollen und Zubeh\u00f6r"},"content":{"rendered":"<div  class='flex_column av-57ugj6-ba1657333aad749b443a8385dd590639 av_one_fourth  avia-builder-el-0  el_before_av_one_fourth  avia-builder-el-first  first flex_column_div  '     ><style type=\"text\/css\" data-created_by=\"avia_inline_auto\" id=\"style-css-av-mea4c8bs-01bcbaa4e1c20d4eb2eaea1dfec0ca3c\">\n.avia-image-container.av-mea4c8bs-01bcbaa4e1c20d4eb2eaea1dfec0ca3c img.avia_image{\nbox-shadow:none;\n}\n.avia-image-container.av-mea4c8bs-01bcbaa4e1c20d4eb2eaea1dfec0ca3c .av-caption-image-overlay-bg{\nopacity:0.4;\nbackground-color:#000000;\n}\n.avia-image-container.av-mea4c8bs-01bcbaa4e1c20d4eb2eaea1dfec0ca3c .av-image-caption-overlay-center{\ncolor:#ffffff;\n}\n<\/style>\n<div  class='avia-image-container av-mea4c8bs-01bcbaa4e1c20d4eb2eaea1dfec0ca3c av-styling- av-img-linked avia-align-center  avia-builder-el-1  avia-builder-el-no-sibling  noHover av-overlay-hover-deactivate'   itemprop=\"image\" itemscope=\"itemscope\" itemtype=\"https:\/\/schema.org\/ImageObject\" ><div class=\"avia-image-container-inner\"><div class=\"avia-image-overlay-wrap\"><a href=\"https:\/\/www.waefler-hufbeschlag.ch\/?product_cat=schraubstollen\" class='avia_image '  aria-label='1-Eis-Stollen-Gewinde'><div class=\"av-image-caption-overlay\"><div class=\"av-caption-image-overlay-bg\"><\/div><div class=\"av-image-caption-overlay-position\"><div class=\"av-image-caption-overlay-center\"><p>Schraubstollen<\/p>\n<\/div><\/div><\/div><img decoding=\"async\" fetchpriority=\"high\" class='wp-image-9154 avia-img-lazy-loading-not-9154 avia_image ' src=\"https:\/\/www.waefler-hufbeschlag.ch\/wp-content\/uploads\/2025\/07\/1-Eis-Stollen-Gewinde.png\" alt='' title='1-Eis-Stollen-Gewinde'  height=\"500\" width=\"500\"  itemprop=\"thumbnailUrl\" srcset=\"https:\/\/www.waefler-hufbeschlag.ch\/wp-content\/uploads\/2025\/07\/1-Eis-Stollen-Gewinde.png 500w, https:\/\/www.waefler-hufbeschlag.ch\/wp-content\/uploads\/2025\/07\/1-Eis-Stollen-Gewinde-300x300.png 300w, https:\/\/www.waefler-hufbeschlag.ch\/wp-content\/uploads\/2025\/07\/1-Eis-Stollen-Gewinde-80x80.png 80w, https:\/\/www.waefler-hufbeschlag.ch\/wp-content\/uploads\/2025\/07\/1-Eis-Stollen-Gewinde-36x36.png 36w, https:\/\/www.waefler-hufbeschlag.ch\/wp-content\/uploads\/2025\/07\/1-Eis-Stollen-Gewinde-180x180.png 180w, https:\/\/www.waefler-hufbeschlag.ch\/wp-content\/uploads\/2025\/07\/1-Eis-Stollen-Gewinde-120x120.png 120w, https:\/\/www.waefler-hufbeschlag.ch\/wp-content\/uploads\/2025\/07\/1-Eis-Stollen-Gewinde-450x450.png 450w, https:\/\/www.waefler-hufbeschlag.ch\/wp-content\/uploads\/2025\/07\/1-Eis-Stollen-Gewinde-100x100.png 100w\" sizes=\"(max-width: 500px) 100vw, 500px\" \/><\/a><\/div><\/div><\/div><\/div>\n<div  class='flex_column av-3ip0zm-6b1afa22fc17a91b168dce756bc1ef8d av_one_fourth  avia-builder-el-2  el_after_av_one_fourth  el_before_av_one_fourth  flex_column_div  '     ><style type=\"text\/css\" data-created_by=\"avia_inline_auto\" id=\"style-css-av-mea4e7md-02d2acf078569997a1e78134286ce6c4\">\n.avia-image-container.av-mea4e7md-02d2acf078569997a1e78134286ce6c4 img.avia_image{\nbox-shadow:none;\n}\n.avia-image-container.av-mea4e7md-02d2acf078569997a1e78134286ce6c4 .av-caption-image-overlay-bg{\nopacity:0.4;\nbackground-color:#000000;\n}\n.avia-image-container.av-mea4e7md-02d2acf078569997a1e78134286ce6c4 .av-image-caption-overlay-center{\ncolor:#ffffff;\n}\n<\/style>\n<div  class='avia-image-container av-mea4e7md-02d2acf078569997a1e78134286ce6c4 av-styling- av-img-linked avia-align-center  avia-builder-el-3  avia-builder-el-no-sibling  noHover av-overlay-hover-deactivate'   itemprop=\"image\" itemscope=\"itemscope\" itemtype=\"https:\/\/schema.org\/ImageObject\" ><div class=\"avia-image-container-inner\"><div class=\"avia-image-overlay-wrap\"><a href=\"https:\/\/www.waefler-hufbeschlag.ch\/?product_cat=steckstollen\" class='avia_image '  aria-label='685_0'><div class=\"av-image-caption-overlay\"><div class=\"av-caption-image-overlay-bg\"><\/div><div class=\"av-image-caption-overlay-position\"><div class=\"av-image-caption-overlay-center\"><p>Steckstollen<\/p>\n<\/div><\/div><\/div><img decoding=\"async\" fetchpriority=\"high\" class='wp-image-9313 avia-img-lazy-loading-not-9313 avia_image ' src=\"https:\/\/www.waefler-hufbeschlag.ch\/wp-content\/uploads\/2025\/08\/685_0-scaled.jpg\" alt='' title='685_0'  height=\"2560\" width=\"2560\"  itemprop=\"thumbnailUrl\" srcset=\"https:\/\/www.waefler-hufbeschlag.ch\/wp-content\/uploads\/2025\/08\/685_0-scaled.jpg 2560w, https:\/\/www.waefler-hufbeschlag.ch\/wp-content\/uploads\/2025\/08\/685_0-300x300.jpg 300w, https:\/\/www.waefler-hufbeschlag.ch\/wp-content\/uploads\/2025\/08\/685_0-1030x1030.jpg 1030w, https:\/\/www.waefler-hufbeschlag.ch\/wp-content\/uploads\/2025\/08\/685_0-80x80.jpg 80w, https:\/\/www.waefler-hufbeschlag.ch\/wp-content\/uploads\/2025\/08\/685_0-768x768.jpg 768w, https:\/\/www.waefler-hufbeschlag.ch\/wp-content\/uploads\/2025\/08\/685_0-1536x1536.jpg 1536w, https:\/\/www.waefler-hufbeschlag.ch\/wp-content\/uploads\/2025\/08\/685_0-2048x2048.jpg 2048w, https:\/\/www.waefler-hufbeschlag.ch\/wp-content\/uploads\/2025\/08\/685_0-36x36.jpg 36w, https:\/\/www.waefler-hufbeschlag.ch\/wp-content\/uploads\/2025\/08\/685_0-180x180.jpg 180w, https:\/\/www.waefler-hufbeschlag.ch\/wp-content\/uploads\/2025\/08\/685_0-1500x1500.jpg 1500w, https:\/\/www.waefler-hufbeschlag.ch\/wp-content\/uploads\/2025\/08\/685_0-705x705.jpg 705w, https:\/\/www.waefler-hufbeschlag.ch\/wp-content\/uploads\/2025\/08\/685_0-120x120.jpg 120w, https:\/\/www.waefler-hufbeschlag.ch\/wp-content\/uploads\/2025\/08\/685_0-450x450.jpg 450w, https:\/\/www.waefler-hufbeschlag.ch\/wp-content\/uploads\/2025\/08\/685_0-600x600.jpg 600w, https:\/\/www.waefler-hufbeschlag.ch\/wp-content\/uploads\/2025\/08\/685_0-100x100.jpg 100w\" sizes=\"(max-width: 2560px) 100vw, 2560px\" \/><\/a><\/div><\/div><\/div><\/div>\n<div  class='flex_column av-7btwy-6134c0606c45c8255c36b95ddbb088a3 av_one_fourth  avia-builder-el-4  el_after_av_one_fourth  el_before_av_one_fourth  flex_column_div  '     ><style type=\"text\/css\" data-created_by=\"avia_inline_auto\" id=\"style-css-av-meazsndm-3145e701daa92509b0f325c91c767fe8\">\n.avia-image-container.av-meazsndm-3145e701daa92509b0f325c91c767fe8 img.avia_image{\nbox-shadow:none;\n}\n.avia-image-container.av-meazsndm-3145e701daa92509b0f325c91c767fe8 .av-caption-image-overlay-bg{\nopacity:0.4;\nbackground-color:#000000;\n}\n.avia-image-container.av-meazsndm-3145e701daa92509b0f325c91c767fe8 .av-image-caption-overlay-center{\ncolor:#ffffff;\n}\n<\/style>\n<div  class='avia-image-container av-meazsndm-3145e701daa92509b0f325c91c767fe8 av-styling- av-img-linked avia-align-center  avia-builder-el-5  avia-builder-el-no-sibling  noHover av-overlay-hover-deactivate'   itemprop=\"image\" itemscope=\"itemscope\" itemtype=\"https:\/\/schema.org\/ImageObject\" ><div class=\"avia-image-container-inner\"><div class=\"avia-image-overlay-wrap\"><a href=\"https:\/\/www.waefler-hufbeschlag.ch\/?product_cat=einsaetzezualternativbeschlaegeundhufschuhe\" class='avia_image '  aria-label='hufschuhe'><div class=\"av-image-caption-overlay\"><div class=\"av-caption-image-overlay-bg\"><\/div><div class=\"av-image-caption-overlay-position\"><div class=\"av-image-caption-overlay-center\"><p>Eins\u00e4tze f\u00fcr Alternativbeschl\u00e4gen und Hufschuhen<\/p>\n<\/div><\/div><\/div><img decoding=\"async\" fetchpriority=\"high\" class='wp-image-9370 avia-img-lazy-loading-not-9370 avia_image ' src=\"https:\/\/www.waefler-hufbeschlag.ch\/wp-content\/uploads\/2025\/08\/hufschuhe.png\" alt='' title='hufschuhe'  height=\"1024\" width=\"1024\"  itemprop=\"thumbnailUrl\" srcset=\"https:\/\/www.waefler-hufbeschlag.ch\/wp-content\/uploads\/2025\/08\/hufschuhe.png 1024w, https:\/\/www.waefler-hufbeschlag.ch\/wp-content\/uploads\/2025\/08\/hufschuhe-300x300.png 300w, https:\/\/www.waefler-hufbeschlag.ch\/wp-content\/uploads\/2025\/08\/hufschuhe-80x80.png 80w, https:\/\/www.waefler-hufbeschlag.ch\/wp-content\/uploads\/2025\/08\/hufschuhe-768x768.png 768w, https:\/\/www.waefler-hufbeschlag.ch\/wp-content\/uploads\/2025\/08\/hufschuhe-36x36.png 36w, https:\/\/www.waefler-hufbeschlag.ch\/wp-content\/uploads\/2025\/08\/hufschuhe-180x180.png 180w, https:\/\/www.waefler-hufbeschlag.ch\/wp-content\/uploads\/2025\/08\/hufschuhe-705x705.png 705w, https:\/\/www.waefler-hufbeschlag.ch\/wp-content\/uploads\/2025\/08\/hufschuhe-120x120.png 120w, https:\/\/www.waefler-hufbeschlag.ch\/wp-content\/uploads\/2025\/08\/hufschuhe-450x450.png 450w, https:\/\/www.waefler-hufbeschlag.ch\/wp-content\/uploads\/2025\/08\/hufschuhe-600x600.png 600w, https:\/\/www.waefler-hufbeschlag.ch\/wp-content\/uploads\/2025\/08\/hufschuhe-100x100.png 100w\" sizes=\"(max-width: 1024px) 100vw, 1024px\" \/><\/a><\/div><\/div><\/div><\/div><div  class='flex_column av-av_one_fourth-538dd737667e19053994a94b9156413b av_one_fourth  avia-builder-el-6  el_after_av_one_fourth  avia-builder-el-last  flex_column_div  '     ><style type=\"text\/css\" data-created_by=\"avia_inline_auto\" id=\"style-css-av-av_image-8212af5aaafed741bfeaf4f870412c5c\">\n.avia-image-container.av-av_image-8212af5aaafed741bfeaf4f870412c5c img.avia_image{\nbox-shadow:none;\n}\n.avia-image-container.av-av_image-8212af5aaafed741bfeaf4f870412c5c .av-caption-image-overlay-bg{\nopacity:0.4;\nbackground-color:#000000;\n}\n.avia-image-container.av-av_image-8212af5aaafed741bfeaf4f870412c5c .av-image-caption-overlay-center{\ncolor:#ffffff;\n}\n<\/style>\n<div  class='avia-image-container av-av_image-8212af5aaafed741bfeaf4f870412c5c av-styling- av-img-linked avia-align-center  avia-builder-el-7  avia-builder-el-no-sibling  noHover av-overlay-hover-deactivate'   itemprop=\"image\" itemscope=\"itemscope\" itemtype=\"https:\/\/schema.org\/ImageObject\" ><div class=\"avia-image-container-inner\"><div class=\"avia-image-overlay-wrap\"><a href=\"https:\/\/www.waefler-hufbeschlag.ch\/?product_cat=einsaetzezualternativbeschlaegeundhufschuhe\" class='avia_image '  aria-label='Bildschirmfoto 2025-08-14 um 08.04.33'><div class=\"av-image-caption-overlay\"><div class=\"av-caption-image-overlay-bg\"><\/div><div class=\"av-image-caption-overlay-position\"><div class=\"av-image-caption-overlay-center\"><p>Werkzeuge f\u00fcr Stollenmontage<\/p>\n<\/div><\/div><\/div><img decoding=\"async\" fetchpriority=\"high\" class='wp-image-9317 avia-img-lazy-loading-not-9317 avia_image ' src=\"https:\/\/www.waefler-hufbeschlag.ch\/wp-content\/uploads\/2025\/08\/Bildschirmfoto-2025-08-14-um-08.04.33.png\" alt='' title='Bildschirmfoto 2025-08-14 um 08.04.33'  height=\"1542\" width=\"1542\"  itemprop=\"thumbnailUrl\" srcset=\"https:\/\/www.waefler-hufbeschlag.ch\/wp-content\/uploads\/2025\/08\/Bildschirmfoto-2025-08-14-um-08.04.33.png 1542w, https:\/\/www.waefler-hufbeschlag.ch\/wp-content\/uploads\/2025\/08\/Bildschirmfoto-2025-08-14-um-08.04.33-300x300.png 300w, https:\/\/www.waefler-hufbeschlag.ch\/wp-content\/uploads\/2025\/08\/Bildschirmfoto-2025-08-14-um-08.04.33-1030x1030.png 1030w, https:\/\/www.waefler-hufbeschlag.ch\/wp-content\/uploads\/2025\/08\/Bildschirmfoto-2025-08-14-um-08.04.33-80x80.png 80w, https:\/\/www.waefler-hufbeschlag.ch\/wp-content\/uploads\/2025\/08\/Bildschirmfoto-2025-08-14-um-08.04.33-768x768.png 768w, https:\/\/www.waefler-hufbeschlag.ch\/wp-content\/uploads\/2025\/08\/Bildschirmfoto-2025-08-14-um-08.04.33-1536x1536.png 1536w, https:\/\/www.waefler-hufbeschlag.ch\/wp-content\/uploads\/2025\/08\/Bildschirmfoto-2025-08-14-um-08.04.33-36x36.png 36w, https:\/\/www.waefler-hufbeschlag.ch\/wp-content\/uploads\/2025\/08\/Bildschirmfoto-2025-08-14-um-08.04.33-180x180.png 180w, https:\/\/www.waefler-hufbeschlag.ch\/wp-content\/uploads\/2025\/08\/Bildschirmfoto-2025-08-14-um-08.04.33-1500x1500.png 1500w, https:\/\/www.waefler-hufbeschlag.ch\/wp-content\/uploads\/2025\/08\/Bildschirmfoto-2025-08-14-um-08.04.33-705x705.png 705w, https:\/\/www.waefler-hufbeschlag.ch\/wp-content\/uploads\/2025\/08\/Bildschirmfoto-2025-08-14-um-08.04.33-120x120.png 120w, https:\/\/www.waefler-hufbeschlag.ch\/wp-content\/uploads\/2025\/08\/Bildschirmfoto-2025-08-14-um-08.04.33-450x450.png 450w, https:\/\/www.waefler-hufbeschlag.ch\/wp-content\/uploads\/2025\/08\/Bildschirmfoto-2025-08-14-um-08.04.33-600x600.png 600w, https:\/\/www.waefler-hufbeschlag.ch\/wp-content\/uploads\/2025\/08\/Bildschirmfoto-2025-08-14-um-08.04.33-100x100.png 100w\" sizes=\"(max-width: 1542px) 100vw, 1542px\" \/><\/a><\/div><\/div><\/div><\/div><\/p>\n","protected":false},"excerpt":{"rendered":"","protected":false},"author":1,"featured_media":0,"parent":0,"menu_order":0,"comment_status":"closed","ping_status":"closed","template":"","meta":{"footnotes":""},"class_list":["post-9298","page","type-page","status-publish","hentry"],"_links":{"self":[{"href":"https:\/\/www.waefler-hufbeschlag.ch\/index.php?rest_route=\/wp\/v2\/pages\/9298","targetHints":{"allow":["GET"]}}],"collection":[{"href":"https:\/\/www.waefler-hufbeschlag.ch\/index.php?rest_route=\/wp\/v2\/pages"}],"about":[{"href":"https:\/\/www.waefler-hufbeschlag.ch\/index.php?rest_route=\/wp\/v2\/types\/page"}],"author":[{"embeddable":true,"href":"https:\/\/www.waefler-hufbeschlag.ch\/index.php?rest_route=\/wp\/v2\/users\/1"}],"replies":[{"embeddable":true,"href":"https:\/\/www.waefler-hufbeschlag.ch\/index.php?rest_route=%2Fwp%2Fv2%2Fcomments&post=9298"}],"version-history":[{"count":4,"href":"https:\/\/www.waefler-hufbeschlag.ch\/index.php?rest_route=\/wp\/v2\/pages\/9298\/revisions"}],"predecessor-version":[{"id":9371,"href":"https:\/\/www.waefler-hufbeschlag.ch\/index.php?rest_route=\/wp\/v2\/pages\/9298\/revisions\/9371"}],"wp:attachment":[{"href":"https:\/\/www.waefler-hufbeschlag.ch\/index.php?rest_route=%2Fwp%2Fv2%2Fmedia&parent=9298"}],"curies":[{"name":"wp","href":"https:\/\/api.w.org\/{rel}","templated":true}]}}