{"id":8298,"date":"2024-02-22T06:44:24","date_gmt":"2024-02-22T05:44:24","guid":{"rendered":"https:\/\/www.waefler-hufbeschlag.ch\/?page_id=8298"},"modified":"2024-11-28T09:40:40","modified_gmt":"2024-11-28T08:40:40","slug":"medienmitteilung","status":"publish","type":"page","link":"https:\/\/www.waefler-hufbeschlag.ch\/?page_id=8298","title":{"rendered":"Medienmitteilung"},"content":{"rendered":"\n<p>Medienmitteilung<\/p>\n\n\n\n<p>Laupersdorf 21. Februar 2024<\/p>\n\n\n\n<p><strong>W\u00e4fler Hufbeschlag als \u00abTOP-Ausbildungsbetrieb\u00bb zertifiziert<\/strong><\/p>\n\n\n\n<p><br><em>W\u00e4fler Hufbeschlag aus Laupersdorf hat erfolgreich die erste Stufe des Unterst\u00fctzungssystems der Stiftung TOP-Ausbildungsbetrieb (TAB) erreicht. Das Unternehmen erh\u00e4lt als ersten Hufschmiedeausbildungsbetrieb der Schweiz nun die Zertifizierung als \u00abTOP-Ausbildungsbetrieb\u00bb, welche Betriebe kennzeichnet, die sich besonders f\u00fcr die Ausbildung von Jugendlichen einsetzen.<\/em><br><br>Geeignete Lernende zu finden und sie richtig auszubilden, ist eine Herausforderung, mit der sich heutzutage viele Unternehmen konfrontiert sehen. Berufsbildnerinnen und -bildner von heute m\u00fcssen nicht nur technisch auf dem neusten Stand sein und Wissen vermitteln, sondern fungieren auch als Bezugsperson der Lernenden und ben\u00f6tigen entsprechende Sozialkompetenzen.<\/p>\n\n\n\n<p>Um f\u00fcr diese Aufgabe in Zukunft noch besser ger\u00fcstet zu sein, hat W\u00e4fler Hufbeschlag erfolgreich die erste Stufe des Unterst\u00fctzungssystems der Stiftung TOP-Ausbildungsbetrieb absolviert. Das Unternehmen aus Laupersdorf erh\u00e4lt damit einerseits konkret anwendbares Wissen und Ausbildungsmaterial f\u00fcr die Ausbildung von Lernenden, andererseits wird es offiziell als \u00abTOP-Ausbildungsbetrieb\u00bb ausgezeichnet und zertifiziert. Diese Zertifizierung dient \u00fcber s\u00e4mtliche Branchen hinweg als sichtbares Qualit\u00e4tsmerkmal, um Jugendlichen bei der Entscheidungsfindung w\u00e4hrend der Lehrstellensuche zu helfen.<\/p>\n\n\n\n<p>Mit dem Eintritt ins System von TAB hat W\u00e4fler Hufbeschlag einen wichtigen Schritt in der Ausbildung von Lernenden vollzogen. Nach dem Erreichen der ersten Stufe bietet sich dem Unternehmen nun die M\u00f6glichkeit, in individuellem Tempo die Stufen 2 und 3 des Systems anzugehen und die Ausbildungskompetenz so noch mehr zu erweitern.<\/p>\n\n\n\n<p><strong>Was ist TOP-Ausbildungsbetrieb?<\/strong><\/p>\n\n\n\n<p>Die Stiftung TOP-Ausbildungsbetrieb (TAB) ist ein nationales Unterst\u00fctzungs- und Auszeichnungssystem, das zur Attraktivit\u00e4t der gewerblichen Berufe beitr\u00e4gt. TAB unterst\u00fctzt Betriebe aus s\u00e4mtlichen Branchen dabei, ihre Ausbildungsqualit\u00e4t zu erh\u00f6hen und zeichnet mit dem Label Unternehmen aus, die sich besonders intensiv bei der Ausbildung von jungen Menschen engagieren.<\/p>\n\n\n\n<p>TOP-Ausbildungsbetrieb hebt sich insofern von vielen Labels ab, dass es nicht nur vorhandene Qualit\u00e4t beurteilt, sondern auch im Vorfeld bei der Entwicklung hilft. Das in der Schweiz bislang einmalige System wurde 2017 durch Alt-Bundesrat Johann Schneider-Ammann mit dem ENTERPRIZE ausgezeichnet und wird vom Eidgen\u00f6ssischen Hochschulinstitut f\u00fcr Berufsbildung (EHB) empfohlen.<\/p>\n\n\n\n<p>Mehr Informationen sind auf <a href=\"http:\/\/www.topausbildungsbetrieb.ch\">www.topausbildungsbetrieb.ch<\/a> zu finden.<\/p>\n","protected":false},"excerpt":{"rendered":"<p>Medienmitteilung Laupersdorf 21. Februar 2024 W\u00e4fler Hufbeschlag als \u00abTOP-Ausbildungsbetrieb\u00bb zertifiziert W\u00e4fler Hufbeschlag aus Laupersdorf hat erfolgreich die erste Stufe des Unterst\u00fctzungssystems der Stiftung TOP-Ausbildungsbetrieb (TAB) erreicht. Das Unternehmen erh\u00e4lt als ersten Hufschmiedeausbildungsbetrieb der Schweiz nun die Zertifizierung als \u00abTOP-Ausbildungsbetrieb\u00bb, welche Betriebe kennzeichnet, die sich besonders f\u00fcr die Ausbildung von Jugendlichen einsetzen. Geeignete Lernende zu finden [&hellip;]<\/p>\n","protected":false},"author":1,"featured_media":0,"parent":0,"menu_order":0,"comment_status":"closed","ping_status":"closed","template":"","meta":{"footnotes":""},"class_list":["post-8298","page","type-page","status-publish","hentry"],"_links":{"self":[{"href":"https:\/\/www.waefler-hufbeschlag.ch\/index.php?rest_route=\/wp\/v2\/pages\/8298","targetHints":{"allow":["GET"]}}],"collection":[{"href":"https:\/\/www.waefler-hufbeschlag.ch\/index.php?rest_route=\/wp\/v2\/pages"}],"about":[{"href":"https:\/\/www.waefler-hufbeschlag.ch\/index.php?rest_route=\/wp\/v2\/types\/page"}],"author":[{"embeddable":true,"href":"https:\/\/www.waefler-hufbeschlag.ch\/index.php?rest_route=\/wp\/v2\/users\/1"}],"replies":[{"embeddable":true,"href":"https:\/\/www.waefler-hufbeschlag.ch\/index.php?rest_route=%2Fwp%2Fv2%2Fcomments&post=8298"}],"version-history":[{"count":1,"href":"https:\/\/www.waefler-hufbeschlag.ch\/index.php?rest_route=\/wp\/v2\/pages\/8298\/revisions"}],"predecessor-version":[{"id":8299,"href":"https:\/\/www.waefler-hufbeschlag.ch\/index.php?rest_route=\/wp\/v2\/pages\/8298\/revisions\/8299"}],"wp:attachment":[{"href":"https:\/\/www.waefler-hufbeschlag.ch\/index.php?rest_route=%2Fwp%2Fv2%2Fmedia&parent=8298"}],"curies":[{"name":"wp","href":"https:\/\/api.w.org\/{rel}","templated":true}]}}