{"id":1188,"date":"2021-01-08T07:33:13","date_gmt":"2021-01-08T06:33:13","guid":{"rendered":"https:\/\/www.waefler-hufbeschlag.ch\/?page_id=1188"},"modified":"2025-07-25T13:52:48","modified_gmt":"2025-07-25T11:52:48","slug":"winterausruestung-fuer-den-pferdhuf","status":"publish","type":"page","link":"https:\/\/www.waefler-hufbeschlag.ch\/?page_id=1188","title":{"rendered":"Winterbeschlag"},"content":{"rendered":"<div  class='flex_column av-av_two_third-a2cef933b0a555f25d1e39b22a8e9dae av_two_third  avia-builder-el-0  el_before_av_one_third  avia-builder-el-first  first flex_column_div  '     ><section  class='av_textblock_section av-mdir6osn-e91d93384334d6220323752dc30ba84c '   itemscope=\"itemscope\" itemtype=\"https:\/\/schema.org\/CreativeWork\" ><div class='avia_textblock'  itemprop=\"text\" ><h2 class=\"has-black-color has-text-color has-large-font-size\"><strong>Winterausr\u00fcstung f\u00fcr den Pferdehuf<\/strong><\/h2>\n<p class=\"has-black-color has-text-color\">In unserem Betrieb verwenden wir meistens die Hufgrip. Die sind aus strapazierfestem Gummi gefertigt. Sie halten in der Regel eine Saison aus, und k\u00f6nnen dadurch zweimal verwendet werden. Die Hufgrip werden mit zwei Alu-Nieten am Hufeisenende zus\u00e4tzlich befestigt, so das sie nicht an den Eisenenden hervorragen. Wir haben die g\u00e4ngigsten Farben zur Auswahl und im Fahrzeug griffbereit. Die Hufgrip k\u00f6nnen auch ausserhalb des Beschlags Rhythmus montiert werden.<\/p>\n<\/div><\/section><\/div><div  class='flex_column av-av_one_third-538dd737667e19053994a94b9156413b av_one_third  avia-builder-el-2  el_after_av_two_third  el_before_av_one_fourth  flex_column_div  '     ><\/div><\/p>\n<div  class='flex_column av-av_one_fourth-a2cef933b0a555f25d1e39b22a8e9dae av_one_fourth  avia-builder-el-3  el_after_av_one_third  el_before_av_one_fourth  first flex_column_div  column-top-margin'     ><style type=\"text\/css\" data-created_by=\"avia_inline_auto\" id=\"style-css-av-mdir85a7-b08e8d7cc768370e17a3d3992381ef29\">\n.avia-image-container.av-mdir85a7-b08e8d7cc768370e17a3d3992381ef29 img.avia_image{\nbox-shadow:none;\n}\n.avia-image-container.av-mdir85a7-b08e8d7cc768370e17a3d3992381ef29 .av-image-caption-overlay-center{\ncolor:#ffffff;\n}\n<\/style>\n<div  class='avia-image-container av-mdir85a7-b08e8d7cc768370e17a3d3992381ef29 av-styling- avia-align-center  avia-builder-el-4  avia-builder-el-no-sibling '   itemprop=\"image\" itemscope=\"itemscope\" itemtype=\"https:\/\/schema.org\/ImageObject\" ><div class=\"avia-image-container-inner\"><div class=\"avia-image-overlay-wrap\"><img decoding=\"async\" fetchpriority=\"high\" class='wp-image-9046 avia-img-lazy-loading-not-9046 avia_image ' src=\"https:\/\/www.waefler-hufbeschlag.ch\/wp-content\/uploads\/2025\/07\/11.png\" alt='' title='11'  height=\"900\" width=\"900\"  itemprop=\"thumbnailUrl\" srcset=\"https:\/\/www.waefler-hufbeschlag.ch\/wp-content\/uploads\/2025\/07\/11.png 900w, https:\/\/www.waefler-hufbeschlag.ch\/wp-content\/uploads\/2025\/07\/11-300x300.png 300w, https:\/\/www.waefler-hufbeschlag.ch\/wp-content\/uploads\/2025\/07\/11-80x80.png 80w, https:\/\/www.waefler-hufbeschlag.ch\/wp-content\/uploads\/2025\/07\/11-768x768.png 768w, https:\/\/www.waefler-hufbeschlag.ch\/wp-content\/uploads\/2025\/07\/11-36x36.png 36w, https:\/\/www.waefler-hufbeschlag.ch\/wp-content\/uploads\/2025\/07\/11-180x180.png 180w, https:\/\/www.waefler-hufbeschlag.ch\/wp-content\/uploads\/2025\/07\/11-705x705.png 705w, https:\/\/www.waefler-hufbeschlag.ch\/wp-content\/uploads\/2025\/07\/11-120x120.png 120w, https:\/\/www.waefler-hufbeschlag.ch\/wp-content\/uploads\/2025\/07\/11-450x450.png 450w, https:\/\/www.waefler-hufbeschlag.ch\/wp-content\/uploads\/2025\/07\/11-600x600.png 600w, https:\/\/www.waefler-hufbeschlag.ch\/wp-content\/uploads\/2025\/07\/11-100x100.png 100w\" sizes=\"(max-width: 900px) 100vw, 900px\" \/><\/div><\/div><\/div><\/div><div  class='flex_column av-av_one_fourth-538dd737667e19053994a94b9156413b av_one_fourth  avia-builder-el-5  el_after_av_one_fourth  el_before_av_one_fourth  flex_column_div  column-top-margin'     ><style type=\"text\/css\" data-created_by=\"avia_inline_auto\" id=\"style-css-av-mdir8fpb-b3acbf2c34357ba0f02f45cf78a528ad\">\n.avia-image-container.av-mdir8fpb-b3acbf2c34357ba0f02f45cf78a528ad img.avia_image{\nbox-shadow:none;\n}\n.avia-image-container.av-mdir8fpb-b3acbf2c34357ba0f02f45cf78a528ad .av-image-caption-overlay-center{\ncolor:#ffffff;\n}\n<\/style>\n<div  class='avia-image-container av-mdir8fpb-b3acbf2c34357ba0f02f45cf78a528ad av-styling- avia-align-center  avia-builder-el-6  avia-builder-el-no-sibling '   itemprop=\"image\" itemscope=\"itemscope\" itemtype=\"https:\/\/schema.org\/ImageObject\" ><div class=\"avia-image-container-inner\"><div class=\"avia-image-overlay-wrap\"><img decoding=\"async\" fetchpriority=\"high\" class='wp-image-9045 avia-img-lazy-loading-not-9045 avia_image ' src=\"https:\/\/www.waefler-hufbeschlag.ch\/wp-content\/uploads\/2025\/07\/22.png\" alt='' title='22'  height=\"900\" width=\"900\"  itemprop=\"thumbnailUrl\" srcset=\"https:\/\/www.waefler-hufbeschlag.ch\/wp-content\/uploads\/2025\/07\/22.png 900w, https:\/\/www.waefler-hufbeschlag.ch\/wp-content\/uploads\/2025\/07\/22-300x300.png 300w, https:\/\/www.waefler-hufbeschlag.ch\/wp-content\/uploads\/2025\/07\/22-80x80.png 80w, https:\/\/www.waefler-hufbeschlag.ch\/wp-content\/uploads\/2025\/07\/22-768x768.png 768w, https:\/\/www.waefler-hufbeschlag.ch\/wp-content\/uploads\/2025\/07\/22-36x36.png 36w, https:\/\/www.waefler-hufbeschlag.ch\/wp-content\/uploads\/2025\/07\/22-180x180.png 180w, https:\/\/www.waefler-hufbeschlag.ch\/wp-content\/uploads\/2025\/07\/22-705x705.png 705w, https:\/\/www.waefler-hufbeschlag.ch\/wp-content\/uploads\/2025\/07\/22-120x120.png 120w, https:\/\/www.waefler-hufbeschlag.ch\/wp-content\/uploads\/2025\/07\/22-450x450.png 450w, https:\/\/www.waefler-hufbeschlag.ch\/wp-content\/uploads\/2025\/07\/22-600x600.png 600w, https:\/\/www.waefler-hufbeschlag.ch\/wp-content\/uploads\/2025\/07\/22-100x100.png 100w\" sizes=\"(max-width: 900px) 100vw, 900px\" \/><\/div><\/div><\/div><\/div><div  class='flex_column av-av_one_fourth-538dd737667e19053994a94b9156413b av_one_fourth  avia-builder-el-7  el_after_av_one_fourth  el_before_av_one_fourth  flex_column_div  column-top-margin'     ><style type=\"text\/css\" data-created_by=\"avia_inline_auto\" id=\"style-css-av-mdir8ob8-5b2a68c7858ba2c3f04ecb37d8789579\">\n.avia-image-container.av-mdir8ob8-5b2a68c7858ba2c3f04ecb37d8789579 img.avia_image{\nbox-shadow:none;\n}\n.avia-image-container.av-mdir8ob8-5b2a68c7858ba2c3f04ecb37d8789579 .av-image-caption-overlay-center{\ncolor:#ffffff;\n}\n<\/style>\n<div  class='avia-image-container av-mdir8ob8-5b2a68c7858ba2c3f04ecb37d8789579 av-styling- avia-align-center  avia-builder-el-8  avia-builder-el-no-sibling '   itemprop=\"image\" itemscope=\"itemscope\" itemtype=\"https:\/\/schema.org\/ImageObject\" ><div class=\"avia-image-container-inner\"><div class=\"avia-image-overlay-wrap\"><img decoding=\"async\" fetchpriority=\"high\" class='wp-image-9044 avia-img-lazy-loading-not-9044 avia_image ' src=\"https:\/\/www.waefler-hufbeschlag.ch\/wp-content\/uploads\/2025\/07\/33.png\" alt='' title='33'  height=\"900\" width=\"900\"  itemprop=\"thumbnailUrl\" srcset=\"https:\/\/www.waefler-hufbeschlag.ch\/wp-content\/uploads\/2025\/07\/33.png 900w, https:\/\/www.waefler-hufbeschlag.ch\/wp-content\/uploads\/2025\/07\/33-300x300.png 300w, https:\/\/www.waefler-hufbeschlag.ch\/wp-content\/uploads\/2025\/07\/33-80x80.png 80w, https:\/\/www.waefler-hufbeschlag.ch\/wp-content\/uploads\/2025\/07\/33-768x768.png 768w, https:\/\/www.waefler-hufbeschlag.ch\/wp-content\/uploads\/2025\/07\/33-36x36.png 36w, https:\/\/www.waefler-hufbeschlag.ch\/wp-content\/uploads\/2025\/07\/33-180x180.png 180w, https:\/\/www.waefler-hufbeschlag.ch\/wp-content\/uploads\/2025\/07\/33-705x705.png 705w, https:\/\/www.waefler-hufbeschlag.ch\/wp-content\/uploads\/2025\/07\/33-120x120.png 120w, https:\/\/www.waefler-hufbeschlag.ch\/wp-content\/uploads\/2025\/07\/33-450x450.png 450w, https:\/\/www.waefler-hufbeschlag.ch\/wp-content\/uploads\/2025\/07\/33-600x600.png 600w, https:\/\/www.waefler-hufbeschlag.ch\/wp-content\/uploads\/2025\/07\/33-100x100.png 100w\" sizes=\"(max-width: 900px) 100vw, 900px\" \/><\/div><\/div><\/div><\/div><div  class='flex_column av-av_one_fourth-538dd737667e19053994a94b9156413b av_one_fourth  avia-builder-el-9  el_after_av_one_fourth  el_before_av_two_third  flex_column_div  column-top-margin'     ><style type=\"text\/css\" data-created_by=\"avia_inline_auto\" id=\"style-css-av-mdir8tj6-a3e0354da59530318ac8b009adbda1e7\">\n.avia-image-container.av-mdir8tj6-a3e0354da59530318ac8b009adbda1e7 img.avia_image{\nbox-shadow:none;\n}\n.avia-image-container.av-mdir8tj6-a3e0354da59530318ac8b009adbda1e7 .av-image-caption-overlay-center{\ncolor:#ffffff;\n}\n<\/style>\n<div  class='avia-image-container av-mdir8tj6-a3e0354da59530318ac8b009adbda1e7 av-styling- avia-align-center  avia-builder-el-10  avia-builder-el-no-sibling '   itemprop=\"image\" itemscope=\"itemscope\" itemtype=\"https:\/\/schema.org\/ImageObject\" ><div class=\"avia-image-container-inner\"><div class=\"avia-image-overlay-wrap\"><img decoding=\"async\" fetchpriority=\"high\" class='wp-image-9043 avia-img-lazy-loading-not-9043 avia_image ' src=\"https:\/\/www.waefler-hufbeschlag.ch\/wp-content\/uploads\/2025\/07\/IMG_20211013_100631_1-600x702-1.png\" alt='' title='IMG_20211013_100631_1-600x702'  height=\"900\" width=\"900\"  itemprop=\"thumbnailUrl\" srcset=\"https:\/\/www.waefler-hufbeschlag.ch\/wp-content\/uploads\/2025\/07\/IMG_20211013_100631_1-600x702-1.png 900w, https:\/\/www.waefler-hufbeschlag.ch\/wp-content\/uploads\/2025\/07\/IMG_20211013_100631_1-600x702-1-300x300.png 300w, https:\/\/www.waefler-hufbeschlag.ch\/wp-content\/uploads\/2025\/07\/IMG_20211013_100631_1-600x702-1-80x80.png 80w, https:\/\/www.waefler-hufbeschlag.ch\/wp-content\/uploads\/2025\/07\/IMG_20211013_100631_1-600x702-1-768x768.png 768w, https:\/\/www.waefler-hufbeschlag.ch\/wp-content\/uploads\/2025\/07\/IMG_20211013_100631_1-600x702-1-36x36.png 36w, https:\/\/www.waefler-hufbeschlag.ch\/wp-content\/uploads\/2025\/07\/IMG_20211013_100631_1-600x702-1-180x180.png 180w, https:\/\/www.waefler-hufbeschlag.ch\/wp-content\/uploads\/2025\/07\/IMG_20211013_100631_1-600x702-1-705x705.png 705w, https:\/\/www.waefler-hufbeschlag.ch\/wp-content\/uploads\/2025\/07\/IMG_20211013_100631_1-600x702-1-120x120.png 120w, https:\/\/www.waefler-hufbeschlag.ch\/wp-content\/uploads\/2025\/07\/IMG_20211013_100631_1-600x702-1-450x450.png 450w, https:\/\/www.waefler-hufbeschlag.ch\/wp-content\/uploads\/2025\/07\/IMG_20211013_100631_1-600x702-1-600x600.png 600w, https:\/\/www.waefler-hufbeschlag.ch\/wp-content\/uploads\/2025\/07\/IMG_20211013_100631_1-600x702-1-100x100.png 100w\" sizes=\"(max-width: 900px) 100vw, 900px\" \/><\/div><\/div><\/div><\/div><div  class='flex_column av-av_two_third-a2cef933b0a555f25d1e39b22a8e9dae av_two_third  avia-builder-el-11  el_after_av_one_fourth  el_before_av_one_third  first flex_column_div  column-top-margin'     ><section  class='av_textblock_section av-mdird9p3-8a55bc460b96211e546b95f6692a59b6 '   itemscope=\"itemscope\" itemtype=\"https:\/\/schema.org\/CreativeWork\" ><div class='avia_textblock'  itemprop=\"text\" ><p class=\"has-black-color has-text-color\">Weiter f\u00fchren wir in unseren Mobilen Schmiede auch den Huf Kitt, Schnee-Feder, Schneesohlen und die Huf-Flex mit.Diese Produkte werden entweder in Schneearmen Gebieten oder als \u00dcbergangsl\u00f6sung angewendet, wenn der Hufschmiede Termin noch nicht f\u00e4llig sein sollte. Diese Produkte werden vielfach auch als Notl\u00f6sung gesch\u00e4tzt.<\/p>\n<p class=\"has-black-color has-text-color\">Alle Produkte finden Sie in unserem<strong> <span class=\"has-inline-color has-vivid-red-color\"><a href=\"https:\/\/www.waefler-hufbeschlag.ch\/?page_id=8927\" target=\"_blank\" rel=\"noopener\" data-type=\"URL\" data-id=\"www.waefler-hufbeschlag.ch\/?page_id=907\">Shop<\/a>.<\/span><\/strong><\/p>\n<\/div><\/section><\/div><div  class='flex_column av-av_one_third-538dd737667e19053994a94b9156413b av_one_third  avia-builder-el-13  el_after_av_two_third  el_before_av_one_fourth  flex_column_div  column-top-margin'     ><\/div><\/p>\n<div  class='flex_column av-av_one_fourth-a2cef933b0a555f25d1e39b22a8e9dae av_one_fourth  avia-builder-el-14  el_after_av_one_third  el_before_av_one_fourth  first flex_column_div  column-top-margin'     ><style type=\"text\/css\" data-created_by=\"avia_inline_auto\" id=\"style-css-av-mdirhcjd-fee252a385e13a668223c6b46bb35ce9\">\n.avia-image-container.av-mdirhcjd-fee252a385e13a668223c6b46bb35ce9 img.avia_image{\nbox-shadow:none;\n}\n.avia-image-container.av-mdirhcjd-fee252a385e13a668223c6b46bb35ce9 .av-image-caption-overlay-center{\ncolor:#ffffff;\n}\n<\/style>\n<div  class='avia-image-container av-mdirhcjd-fee252a385e13a668223c6b46bb35ce9 av-styling- avia-align-center  avia-builder-el-15  avia-builder-el-no-sibling '   itemprop=\"image\" itemscope=\"itemscope\" itemtype=\"https:\/\/schema.org\/ImageObject\" ><div class=\"avia-image-container-inner\"><div class=\"avia-image-overlay-wrap\"><img decoding=\"async\" fetchpriority=\"high\" class='wp-image-9047 avia-img-lazy-loading-not-9047 avia_image ' src=\"https:\/\/www.waefler-hufbeschlag.ch\/wp-content\/uploads\/2025\/07\/444444.png\" alt='' title='444444'  height=\"600\" width=\"600\"  itemprop=\"thumbnailUrl\" srcset=\"https:\/\/www.waefler-hufbeschlag.ch\/wp-content\/uploads\/2025\/07\/444444.png 600w, https:\/\/www.waefler-hufbeschlag.ch\/wp-content\/uploads\/2025\/07\/444444-300x300.png 300w, https:\/\/www.waefler-hufbeschlag.ch\/wp-content\/uploads\/2025\/07\/444444-80x80.png 80w, https:\/\/www.waefler-hufbeschlag.ch\/wp-content\/uploads\/2025\/07\/444444-36x36.png 36w, https:\/\/www.waefler-hufbeschlag.ch\/wp-content\/uploads\/2025\/07\/444444-180x180.png 180w, https:\/\/www.waefler-hufbeschlag.ch\/wp-content\/uploads\/2025\/07\/444444-120x120.png 120w, https:\/\/www.waefler-hufbeschlag.ch\/wp-content\/uploads\/2025\/07\/444444-450x450.png 450w, https:\/\/www.waefler-hufbeschlag.ch\/wp-content\/uploads\/2025\/07\/444444-100x100.png 100w\" sizes=\"(max-width: 600px) 100vw, 600px\" \/><\/div><\/div><\/div><\/div><div  class='flex_column av-av_one_fourth-538dd737667e19053994a94b9156413b av_one_fourth  avia-builder-el-16  el_after_av_one_fourth  el_before_av_one_fourth  flex_column_div  column-top-margin'     ><style type=\"text\/css\" data-created_by=\"avia_inline_auto\" id=\"style-css-av-mdirhhlj-3bb98d22187a7e469997c545a5c8b376\">\n.avia-image-container.av-mdirhhlj-3bb98d22187a7e469997c545a5c8b376 img.avia_image{\nbox-shadow:none;\n}\n.avia-image-container.av-mdirhhlj-3bb98d22187a7e469997c545a5c8b376 .av-image-caption-overlay-center{\ncolor:#ffffff;\n}\n<\/style>\n<div  class='avia-image-container av-mdirhhlj-3bb98d22187a7e469997c545a5c8b376 av-styling- avia-align-center  avia-builder-el-17  avia-builder-el-no-sibling '   itemprop=\"image\" itemscope=\"itemscope\" itemtype=\"https:\/\/schema.org\/ImageObject\" ><div class=\"avia-image-container-inner\"><div class=\"avia-image-overlay-wrap\"><img decoding=\"async\" fetchpriority=\"high\" class='wp-image-9048 avia-img-lazy-loading-not-9048 avia_image ' src=\"https:\/\/www.waefler-hufbeschlag.ch\/wp-content\/uploads\/2025\/07\/3333333.png\" alt='' title='3333333'  height=\"600\" width=\"600\"  itemprop=\"thumbnailUrl\" srcset=\"https:\/\/www.waefler-hufbeschlag.ch\/wp-content\/uploads\/2025\/07\/3333333.png 600w, https:\/\/www.waefler-hufbeschlag.ch\/wp-content\/uploads\/2025\/07\/3333333-300x300.png 300w, https:\/\/www.waefler-hufbeschlag.ch\/wp-content\/uploads\/2025\/07\/3333333-80x80.png 80w, https:\/\/www.waefler-hufbeschlag.ch\/wp-content\/uploads\/2025\/07\/3333333-36x36.png 36w, https:\/\/www.waefler-hufbeschlag.ch\/wp-content\/uploads\/2025\/07\/3333333-180x180.png 180w, https:\/\/www.waefler-hufbeschlag.ch\/wp-content\/uploads\/2025\/07\/3333333-120x120.png 120w, https:\/\/www.waefler-hufbeschlag.ch\/wp-content\/uploads\/2025\/07\/3333333-450x450.png 450w, https:\/\/www.waefler-hufbeschlag.ch\/wp-content\/uploads\/2025\/07\/3333333-100x100.png 100w\" sizes=\"(max-width: 600px) 100vw, 600px\" \/><\/div><\/div><\/div><\/div><div  class='flex_column av-av_one_fourth-538dd737667e19053994a94b9156413b av_one_fourth  avia-builder-el-18  el_after_av_one_fourth  el_before_av_one_fourth  flex_column_div  column-top-margin'     ><style type=\"text\/css\" data-created_by=\"avia_inline_auto\" id=\"style-css-av-mdirhn9i-4d9b02aa9764c314bae09834284079a5\">\n.avia-image-container.av-mdirhn9i-4d9b02aa9764c314bae09834284079a5 img.avia_image{\nbox-shadow:none;\n}\n.avia-image-container.av-mdirhn9i-4d9b02aa9764c314bae09834284079a5 .av-image-caption-overlay-center{\ncolor:#ffffff;\n}\n<\/style>\n<div  class='avia-image-container av-mdirhn9i-4d9b02aa9764c314bae09834284079a5 av-styling- avia-align-center  avia-builder-el-19  avia-builder-el-no-sibling '   itemprop=\"image\" itemscope=\"itemscope\" itemtype=\"https:\/\/schema.org\/ImageObject\" ><div class=\"avia-image-container-inner\"><div class=\"avia-image-overlay-wrap\"><img decoding=\"async\" fetchpriority=\"high\" class='wp-image-9049 avia-img-lazy-loading-not-9049 avia_image ' src=\"https:\/\/www.waefler-hufbeschlag.ch\/wp-content\/uploads\/2025\/07\/1111.png\" alt='' title='1111'  height=\"600\" width=\"600\"  itemprop=\"thumbnailUrl\" srcset=\"https:\/\/www.waefler-hufbeschlag.ch\/wp-content\/uploads\/2025\/07\/1111.png 600w, https:\/\/www.waefler-hufbeschlag.ch\/wp-content\/uploads\/2025\/07\/1111-300x300.png 300w, https:\/\/www.waefler-hufbeschlag.ch\/wp-content\/uploads\/2025\/07\/1111-80x80.png 80w, https:\/\/www.waefler-hufbeschlag.ch\/wp-content\/uploads\/2025\/07\/1111-36x36.png 36w, https:\/\/www.waefler-hufbeschlag.ch\/wp-content\/uploads\/2025\/07\/1111-180x180.png 180w, https:\/\/www.waefler-hufbeschlag.ch\/wp-content\/uploads\/2025\/07\/1111-120x120.png 120w, https:\/\/www.waefler-hufbeschlag.ch\/wp-content\/uploads\/2025\/07\/1111-450x450.png 450w, https:\/\/www.waefler-hufbeschlag.ch\/wp-content\/uploads\/2025\/07\/1111-100x100.png 100w\" sizes=\"(max-width: 600px) 100vw, 600px\" \/><\/div><\/div><\/div><\/div><div  class='flex_column av-av_one_fourth-538dd737667e19053994a94b9156413b av_one_fourth  avia-builder-el-20  el_after_av_one_fourth  avia-builder-el-last  flex_column_div  column-top-margin'     ><\/div><\/p>\n","protected":false},"excerpt":{"rendered":"","protected":false},"author":1,"featured_media":0,"parent":0,"menu_order":0,"comment_status":"closed","ping_status":"closed","template":"","meta":{"footnotes":""},"class_list":["post-1188","page","type-page","status-publish","hentry"],"_links":{"self":[{"href":"https:\/\/www.waefler-hufbeschlag.ch\/index.php?rest_route=\/wp\/v2\/pages\/1188","targetHints":{"allow":["GET"]}}],"collection":[{"href":"https:\/\/www.waefler-hufbeschlag.ch\/index.php?rest_route=\/wp\/v2\/pages"}],"about":[{"href":"https:\/\/www.waefler-hufbeschlag.ch\/index.php?rest_route=\/wp\/v2\/types\/page"}],"author":[{"embeddable":true,"href":"https:\/\/www.waefler-hufbeschlag.ch\/index.php?rest_route=\/wp\/v2\/users\/1"}],"replies":[{"embeddable":true,"href":"https:\/\/www.waefler-hufbeschlag.ch\/index.php?rest_route=%2Fwp%2Fv2%2Fcomments&post=1188"}],"version-history":[{"count":29,"href":"https:\/\/www.waefler-hufbeschlag.ch\/index.php?rest_route=\/wp\/v2\/pages\/1188\/revisions"}],"predecessor-version":[{"id":9051,"href":"https:\/\/www.waefler-hufbeschlag.ch\/index.php?rest_route=\/wp\/v2\/pages\/1188\/revisions\/9051"}],"wp:attachment":[{"href":"https:\/\/www.waefler-hufbeschlag.ch\/index.php?rest_route=%2Fwp%2Fv2%2Fmedia&parent=1188"}],"curies":[{"name":"wp","href":"https:\/\/api.w.org\/{rel}","templated":true}]}}